523
List the prime factors of 1701480.
2, 3, 5, 11, 1289
List the prime factors of 204794.
2, 102397
What are the prime factors of 13102354?
2, 6551177
What are the prime factors of 280363?
139, 2017
What are the prime factors of 1305827?
61, 21407
What are the prime factors of 3686420?
2, 5, 184321
What are the prime factors of 292259?
11, 163
List the prime factors of 79878.
2, 3, 13313
List the prime factors of 345994.
2, 11, 15727
What are the prime factors of 1032827?
31, 33317
What are the prime factors of 41226803?
41226803
What are the prime factors of 219751?
7, 31393
What are the prime factors of 13560777?
3, 23, 29, 251
What are the prime factors of 9358364?
2, 17, 137623
What are the prime factors of 14830773?
3, 19, 260189
List the prime factors of 4688614.
2, 7, 47843
What are the prime factors of 3978227?
11, 503, 719
What are the prime factors of 216576?
2, 3, 47
What are the prime factors of 18988282?
2, 47, 79, 2557
List the prime factors of 1159956.
2, 3, 7, 4603
What are the prime factors of 3162812?
2, 790703
List the prime factors of 4429533.
3, 1476511
What are the prime factors of 587046?
2, 3, 97841
List the prime factors of 278379.
3, 30931
List the prime factors of 814590.
2, 3, 5, 7, 431
List the prime factors of 9708066.
2, 3, 179779
What are the prime factors of 177304?
2, 37, 599
What are the prime factors of 394850?
2, 5, 53, 149
List the prime factors of 384702.
2, 3, 97, 661
What are the prime factors of 5746757?
23, 249859
What are the prime factors of 18250704?
2, 3, 83, 509
What are the prime factors of 2176506?
2, 3, 120917
What are the prime factors of 133109?
133109
What are the prime factors of 231635?
5, 46327
What are the prime factors of 1631695?
5, 13, 1931
List the prime factors of 432207.
3, 48023
List the prime factors of 2373921.
3, 11, 7993
List the prime factors of 2373544.
2, 296693
List the prime factors of 1984418.
2, 463, 2143
List the prime factors of 4176195.
3, 5, 278413
What are the prime factors of 573026?
2, 286513
List the prime factors of 34729447.
1447, 24001
What are the prime factors of 5331763?
41, 130043
What are the prime factors of 5311042?
2, 11, 73, 3307
List the prime factors of 28434657.
3, 31, 305749
What are the prime factors of 363953?
17, 79, 271
List the prime factors of 22782110.
2, 5, 13, 29, 6043
What are the prime factors of 170392?
2, 19, 59
List the prime factors of 779246.
2, 13, 17, 41, 43
List the prime factors of 111272.
2, 7, 1987
What are the prime factors of 317317?
7, 11, 13, 317
List the prime factors of 19746528.
2, 3, 53, 3881
List the prime factors of 823632.
2, 3, 17159
What are the prime factors of 1670530?
2, 5, 89, 1877
List the prime factors of 894600.
2, 3, 5, 7, 71
List the prime factors of 13788629.
13788629
List the prime factors of 5703272.
2, 712909
List the prime factors of 1476502.
2, 127, 5813
List the prime factors of 758712.
2, 3, 101, 313
What are the prime factors of 782866?
2, 7, 199, 281
What are the prime factors of 2525871?
3, 29, 29033
List the prime factors of 6999031.
13, 37, 14551
What are the prime factors of 565676?
2, 103, 1373
List the prime factors of 2158867.
173, 12479
List the prime factors of 832713.
3, 7, 19, 2087
List the prime factors of 28004.
2, 7001
What are the prime factors of 3362783?
157, 21419
What are the prime factors of 9256626?
2, 3, 23, 29, 257
What are the prime factors of 255714?
2, 3, 17, 23, 109
List the prime factors of 691260.
2, 3, 5, 41, 281
What are the prime factors of 5801125?
5, 11, 4219
What are the prime factors of 3593400?
2, 3, 5, 53, 113
List the prime factors of 7852836.
2, 3, 503, 1301
What are the prime factors of 2081186?
2, 257, 4049
List the prime factors of 122612.
2, 7, 29, 151
What are the prime factors of 71020?
2, 5, 53, 67
List the prime factors of 31147242.
2, 3, 7, 105943
What are the prime factors of 561823?
41, 71, 193
List the prime factors of 555045.
3, 5, 37003
What are the prime factors of 5815724?
2, 31, 46901
What are the prime factors of 2204814?
2, 3, 367469
List the prime factors of 9229866.
2, 3, 1538311
What are the prime factors of 12979966?
2, 6489983
What are the prime factors of 339290?
2, 5, 7, 37, 131
List the prime factors of 5400711.
3, 503, 1193
What are the prime factors of 18745146?
2, 3, 7, 53, 401
List the prime factors of 875099.
31, 28229
List the prime factors of 6838730.
2, 5, 683873
List the prime factors of 182928.
2, 3, 37, 103
List the prime factors of 38267862.
2, 3, 19, 61, 5503
List the prime factors of 166041.
3, 19, 971
What are the prime factors of 1329812?
2, 11, 30223
What are the prime factors of 13436702?
2, 31, 6991
What are the prime factors of 262130?
2, 5, 11, 2383
What are the prime factors of 300294?
2, 3, 67, 83
List the prime factors of 5191731.
3, 19, 97, 313
What are the prime factors of 183063?
3, 139, 439
List the prime factors of 274988.
2, 7, 23, 61
List the prime factors of 1158439.
31, 37369
List the prime factors of 2841716.
2, 19, 139, 269
What are the prime factors of 317037?
3, 7, 31, 487
What are the prime factors of 1095674?
2, 23, 23819
List the prime factors of 15533202.
2, 3, 1487, 1741
What are the prime factors of 311560?
2, 5, 7789
What are the prime factors of 427713?
3, 11, 13, 997
What are the prime factors of 474958?
2, 11, 21589
What are the prime factors of 2975678?
2, 269, 5531
List the prime factors of 5837860.
2, 5, 7, 23, 37
List the prime factors of 203935.
5, 40787
List the prime factors of 180253.
19, 53, 179
List the prime factors of 2317351.
193, 12007
What are the prime factors of 145039?
43, 3373
List the prime factors of 189588.
2, 3, 7, 37, 61
List the prime factors of 3100933.
11, 19, 37, 401
List the prime factors of 231382.
2, 19, 6089
What are the prime factors of 3077436?
2, 3, 317, 809
What are the prime factors of 502310?
2, 5, 50231
List the prime factors of 867570.
2, 3, 5, 11, 239
List the prime factors of 62596.
2, 15649
What are the prime factors of 1566286?
2, 783143
List the prime factors of 639236.
2, 13, 19, 647
List the prime factors of 12952.
2, 1619
List the prime factors of 365454.
2, 3, 79, 257
What are the prime factors of 1164846?
2, 3, 194141
What are the prime factors of 7818870?
2, 3, 5, 260629
List the prime factors of 2707059.
3, 47, 73, 263
List the prime factors of 1985523.
3, 113, 5857
List the prime factors of 261212.
2, 7, 19, 491
What are the prime factors of 804700?
2, 5, 13, 619
List the prime factors of 612900.
2, 3, 5, 227
What are the prime factors of 404946?
2, 3, 7499
What are the prime factors of 62212?
2, 103, 151
What are the prime factors of 1365812?
2, 7, 48779
What are the prime factors of 19206699?
3, 701, 9133
List the prime factors of 2902818.
2, 3, 17, 149, 191
List the prime factors of 1243307.
13, 59, 1621
List the prime factors of 10240654.
2, 29, 383, 461
List the prime factors of 297188.
2, 74297
What are the prime factors of 595063?
7, 85009
List the prime factors of 3862793.
11, 433, 811
List the prime factors of 3457644.
2, 3, 288137
List the prime factors of 45749.
11, 4159
List the prime factors of 28282451.
151, 157, 1193
What are the prime factors of 986081?
19, 51899
What are the prime factors of 1676282?
2, 838141
List the prime factors of 269376.
2, 3, 23, 61
List the prime factors of 10461421.
10461421
What are the prime factors of 1013303?
619, 1637
List the prime factors of 1567179.
3, 17, 10243
What are the prime factors of 248956?
2, 109, 571
What are the prime factors of 393048?
2, 3, 53, 103
List the prime factors of 1007712.
2, 3, 3499
List the prime factors of 5614683.
3, 1871561
List the prime factors of 229030.
2, 5, 37, 619
What are the prime factors of 187202?
2, 93601
What are the prime factors of 307446?
2, 3, 51241
List the prime factors of 1722802.
2, 233, 3697
What are the prime factors of 30304825?
5, 31, 39103
What are the prime factors of 1626655?
5, 263, 1237
What are the prime factors of 88220?
2, 5, 11, 401
What are the prime factors of 11128732?
2, 2782183
What are the prime factors of 108269?
7, 15467
List the prime factors of 6397652.
2, 1599413
What are the prime factors of 964176?
2, 3, 53, 379
What are the prime factors of 1265925?
3, 5, 16879
List the prime factors of 501114.
2,